 of 10749?
False
Is 104315 a multiple of 71?
False
Is 16 a factor of 8512?
True
Is 124 a factor of 11284?
True
Does 13 divide 46042?
False
Does 11 divide 111232?
True
Does 64 divide 2048?
True
Does 20 divide 31329?
False
Is 35424 a multiple of 24?
True
Does 82 divide 29989?
False
Does 12 divide 11937?
False
Is 12484 a multiple of 4?
True
Is 6532 a multiple of 40?
False
Does 29 divide 1073?
True
Is 2232 a multiple of 24?
True
Is 35 a factor of 474?
False
Does 32 divide 28159?
False
Is 4704 a multiple of 96?
True
Does 74 divide 1332?
True
Is 8815 a multiple of 7?
False
Is 16 a factor of 16?
True
Is 82008 a multiple of 29?
False
Does 5 divide 1170?
True
Does 14 divide 22344?
True
Does 32 divide 7750?
False
Is 16 a factor of 400?
True
Is 1076 a multiple of 8?
False
Is 72 a factor of 5949?
False
Is 276 a factor of 113381?
False
Is 16 a factor of 3328?
True
Does 92 divide 449?
False
Does 10 divide 580?
True
Does 13 divide 390?
True
Does 31 divide 310?
True
Is 896 a multiple of 28?
True
Does 33 divide 1353?
True
Is 154 a multiple of 14?
True
Does 53 divide 3136?
False
Is 6 a factor of 11441?
False
Is 129 a multiple of 3?
True
Is 22 a factor of 946?
True
Is 8 a factor of 249?
False
Is 16 a factor of 304?
True
Is 780 a multiple of 31?
False
Does 72 divide 4230?
False
Does 36 divide 5724?
True
Does 51 divide 617?
False
Is 56011 a multiple of 53?
False
Is 67 a factor of 2826?
False
Is 179 a multiple of 14?
False
Is 12 a factor of 669?
False
Is 17 a factor of 9384?
True
Is 50 a factor of 4300?
True
Is 2922 a multiple of 33?
False
Does 112 divide 448?
True
Does 33 divide 2629?
False
Is 9 a factor of 31599?
True
Is 25 a factor of 1150?
True
Is 14 a factor of 4522?
True
Is 11 a factor of 2347?
False
Is 11 a factor of 891?
True
Is 86 a factor of 66298?
False
Is 13 a factor of 1586?
True
Does 58 divide 1230?
False
Is 6 a factor of 891?
False
Does 15 divide 383?
False
Is 3417 a multiple of 51?
True
Does 5 divide 1620?
True
Is 60 a factor of 1681?
False
Is 3696 a multiple of 46?
False
Is 11 a factor of 17?
False
Is 5 a factor of 298?
False
Is 24 a factor of 8976?
True
Does 10 divide 2170?
True
Is 16448 a multiple of 73?
False
Does 5 divide 1470?
True
Is 29 a factor of 1929?
False
Is 15 a factor of 165?
True
Does 6 divide 1514?
False
Is 14 a factor of 1960?
True
Does 3 divide 153?
True
Does 10 divide 325?
False
Is 34373 a multiple of 38?
False
Is 93 even?
False
Is 104367 a multiple of 81?
False
Does 26 divide 16302?
True
Does 12 divide 6300?
True
Is 436 a multiple of 30?
False
Is 2730 a multiple of 25?
False
Does 35 divide 391?
False
Is 28 a factor of 13360?
False
Does 13 divide 340?
False
Is 7 a factor of 4185?
False
Is 94302 a multiple of 33?
False
Does 9 divide 7551?
True
Is 10 a multiple of 2?
True
Is 39263 a multiple of 34?
False
Is 8 a multiple of 4?
True
Is 17 a factor of 9911?
True
Is 3528 a multiple of 21?
True
Does 157 divide 5809?
True
Is 4488 a multiple of 17?
True
Is 98 a factor of 6272?
True
Is 4350 a multiple of 6?
True
Is 23 a factor of 618?
False
Is 6671 a multiple of 12?
False
Is 102 a factor of 8156?
False
Does 33 divide 24453?
True
Is 14982 a multiple of 22?
True
Is 543 a multiple of 3?
True
Is 1945 a multiple of 33?
False
Does 63 divide 945?
True
Does 9 divide 5408?
False
Is 450 a multiple of 75?
True
Does 23 divide 2445?
False
Does 147 divide 28680?
False
Does 268 divide 47168?
True
Is 2611 a multiple of 17?
False
Is 521 a multiple of 4?
False
Is 41 a factor of 1353?
True
Is 19 a factor of 741?
True
Does 85 divide 935?
True
Is 338 a multiple of 26?
True
Is 4 a factor of 34252?
True
Is 81 a factor of 648?
True
Is 3 a factor of 1292?
False
Is 1887 a multiple of 2?
False
Does 13 divide 5369?
True
Is 1510 a multiple of 29?
False
Is 14 a factor of 13186?
False
Does 3 divide 376?
False
Does 8 divide 3680?
True
Does 2 divide 474?
True
Does 20 divide 815?
False
Is 19 a factor of 425?
False
Is 172 a factor of 2410?
False
Does 5 divide 2070?
True
Is 12129 a multiple of 39?
True
Is 129 a multiple of 5?
False
Is 3091 a multiple of 2?
False
Is 10767 a multiple of 97?
True
Does 3 divide 313?
False
Is 16 a factor of 2624?
True
Is 2 a factor of 1594?
True
Does 114 divide 4332?
True
Is 585 a multiple of 13?
True
Does 12 divide 1104?
True
Does 176 divide 19008?
True
Is 1775 a multiple of 116?
False
Does 14 divide 998?
False
Is 1926 a multiple of 24?
False
Does 39 divide 3951?
False
Does 40 divide 2390?
False
Is 75 a factor of 19875?
True
Is 8274 a multiple of 14?
True
Does 13 divide 35035?
True
Is 13809 a multiple of 30?
False
Does 14 divide 119?
False
Is 12 a factor of 924?
True
Does 40 divide 4745?
False
Is 59 a factor of 873?
False
Is 25 a factor of 150?
True
Is 66 a factor of 33971?
False
Does 20 divide 99?
False
Does 14 divide 308?
True
Is 31005 a multiple of 29?
False
Is 390 a multiple of 30?
True
Is 11 a factor of 759?
True
Is 907 a multiple of 22?
False
Does 16 divide 188?
False
Does 4 divide 424?
True
Is 29274 a multiple of 41?
True
Is 21 a factor of 12999?
True
Is 4067 even?
False
Is 136 a multiple of 16?
False
Does 65 divide 8352?
False
Is 899 a multiple of 54?
False
Is 55 even?
False
Is 48 a factor of 480?
True
Is 48 a factor of 144?
True
Does 10 divide 270?
True
Is 20020 a multiple of 104?
False
Does 13 divide 160?
False
Is 7638 a multiple of 114?
True
Does 5 divide 16?
False
Is 2 a factor of 97?
False
Is 40616 a multiple of 37?
False
Is 27 a factor of 5874?
False
Is 48 a factor of 151?
False
Is 73 a factor of 1022?
True
Is 244 a multiple of 27?
False
Is 30 a factor of 6919?
False
Is 7 a factor of 560?
True
Is 32023 a multiple of 33?
False
Does 31 divide 2767?
False
Does 36 divide 4254?
False
Does 79 divide 4424?
True
Is 6 a factor of 9436?
False
Is 518 a multiple of 67?
False
Does 17 divide 2516?
True
Is 2240 a multiple of 95?
False
Is 3077 a multiple of 17?
True
Is 234 a multiple of 7?
False
Is 11 a factor of 346?
False
Does 7 divide 37324?
True
Is 342 a multiple of 18?
True
Is 118 a factor of 1062?
True
Is 23266 a multiple of 7?
False
Is 126 a multiple of 7?
True
Does 37 divide 3589?
True
Is 10 a factor of 20?
True
Is 14 a factor of 41090?
True
Does 18 divide 124773?
False
Is 37 a factor of 40404?
True
Does 6 divide 1624?
False
Does 101 divide 30350?
False
Is 330 a multiple of 15?
True
Is 437 a multiple of 23?
True
Is 17 a factor of 13753?
True
Is 665 a multiple of 37?
False
Is 70 a factor of 8402?
False
Is 396 a multiple of 9?
True
Does 70 divide 4597?
False
Is 27 a factor of 23814?
True
Is 4514 a multiple of 49?
False
Is 3 a factor of 5203?
False
Does 112 divide 1568?
True
Is 317 a multiple of 17?
False
Is 4 a factor of 9601?
False
Is 553 a multiple of 6?
False
Is 1390 a multiple of 21?
False
Is 1248 a multiple of 8?
True
Is 62 a factor of 14872?
False
Does 46 divide 368?
True
Is 35 a factor of 42700?
True
Does 265 divide 15635?
True
Does 36 divide 1944?
True
Does 17 divide 3910?
True
Does 74 divide 4514?
True
Is 161 a factor of 9499?
True
Does 28 divide 2240?
True
Is 3286 a multiple of 62?
True
Is 2338 a multiple of 21?
False
Is 74732 a multiple of 68?
True
Does 37 divide 1471?
False
Does 18 divide 1116?
True
Is 160 a multiple of 5?
True
Does 21 divide 554?
False
Is 22 a factor of 4378?
True
Is 26 a factor of 35590?
False
Is 18 a factor of 1984?
False
Is 187 a multiple of 11?
True
Is 1336 a multiple of 8?
True
Is 3 a factor of 13950?
True
Is 39 a factor of 1357?
False
Is 11 a factor of 539?
True
Is 104 a factor of 5015?
False
Is 2 a factor of 2951?
False
Does 31 divide 3596?
True
Is 35 a factor of 25845?
False
Is 14 a factor of 3694?
False
Does 149 divide 2739?
False
Is 46 a factor of 16238?
True
Does 9 divide 2727?
True
Does 22 divide 16280?
True
Does 140 divide 16240?
True
Is 40832 a multiple of 44?
True
Is 8692 a multiple of 53?
True
Is 1152 a multiple of 10?
False
Is 16976 a multiple of 10?
False
Is 2831 a multiple of 9?
False
Does 16 divide 262?
False
Is 50 a factor of 10702?
False
Does 9 divide 9279?
True
Is 2 a factor of 7016?
True
Is 22 a factor of 2310?
True
Is 617 a multiple of 44?
False
Is 36 a multiple of 18?
True
Is 35642 a multiple of 82?
False
Does 21 divide 5227?
False
Does 114 divide 6840?
True
Is 5 a factor of 202?
False
Is 507 a multiple of 10?
False
Does 39 divide 546?
True
Does 14 divide 3450?
False
Is 18 a factor 